ive c(-6).
5
Let m(p) = -p + 1. Let r(f) = -f**3 - f**2 + 1. Let n(j) = -3*m(j) + r(j). Suppose 98 = -c - 6*c. Let u = c + 16. Give n(u).
-8
Let k(l) be the third derivative of -l**5/30 - l**4/3 - 3*l**2 + 10. Calculate k(-4).
0
Let b(j) = -5*j + 5. Let r(p) = -9*p + 9. Let g(i) = 11*b(i) - 6*r(i). What is g(-5)?
6
Let d(z) = z**3 + 14*z**2 - 36*z - 315. Let t be d(-15). Let m(g) be the first derivative of 3 + 3/2*g**2 + t*g. Give m(-2).
-6
Let d be (2/(-2) + 2 - -7)/(-2). Let i(a) be the third derivative of -a**4/12 - 5*a**3/6 - 7*a**2. Give i(d).
3
Let v = -5 - -7. Let c(s) = 2*s**2 - 3 - 108*s - 3*s**v + 116*s. What is c(5)?
12
Let r(x) = -2*x - 2. Let z(m) = -6*m**3 + 19*m**2 + 5*m + 51. Let i(l) = -l**3 + 4*l**2 + l + 10. Let s(g) = -11*i(g) + 2*z(g). Let u be s(-6). What is r(u)?
2
Suppose -11*j + 7*j - 80 = 0. Let d = -26 - j. Let o(g) = g**3 + 5*g**2 - 8*g + 1. Give o(d).
13
Let g(c) = -13*c + 8. Let s(o) = -8*o + 6. Let w(k) = -5*g(k) + 8*s(k). Give w(-4).
4
Let z(j) be the third derivative of -j**5/60 + 3*j**4/8 - 11*j**3/6 - 7*j**2. Let q be z(8). Let c(y) = y**2 + 4*y + 3. Calculate c(q).
0
Let g(v) = -2*v**3 + 31*v**2 + 17*v - 9. Suppose -44 = -4*p - a + 16, -3*a = -4*p + 76. What is g(p)?
7
Let j = -164 + 161. Let u be 2/((-2)/(-3))*-1. Let k(c) = -c + 3. Let d(q) = -q. Let t(r) = u*d(r) - k(r). Determine t(j).
-15
Let r(t) = -13*t - 2. Suppose 0 = -10*l - 781 + 761. Determine r(l).
24
Let u(w) = -2*w**2 + 4*w + 9. Let y be u(3). Let d(c) = -c**3 + 2*c**2 - c. Let z(a) = 2*a**3 - 4*a**2 + 3*a. Let s(v) = -5*d(v) - 2*z(v). Determine s(y).
6
Let d(r) = 5*r + 6. Suppose -2*o + 50 = -5*k + 15, -o + 3*k + 19 = 0. Suppose 10*x = 12*x + o. Calculate d(x).
-19
Let t(i) be the third derivative of i**6/120 - i**5/12 + i**4/24 - i**3/2 + i**2. Let c(k) = -70*k + 355. Let j be c(5). Give t(j).
2
Let o(y) = 13*y**2 + 11*y - 6. Let b(t) = -11*t**2 - 10*t + 4. Let z(q) = -6*b(q) - 5*o(q). Suppose w + 5*h = -16 - 13, 2*w - 7 = 3*h. Determine z(w).
2
Let o(y) = -y**2 - 5*y - 15. Let g(w) = w**2 - w + 1. Let p(n) = -2*g(n) - o(n). Calculate p(8).
5
Let d(w) = 27*w**3 + 5 - 2*w**2 + 3 - 7. Determine d(1).
26
Let m(k) = -k**3 + 3*k**2 + 4*k + 3. Let w = 25 + -21. Give m(w).
3
Let o(h) = 31*h - 12. Let g(q) = 10*q - 4. Let d(u) = 7*g(u) - 2*o(u). Calculate d(2).
12
Let t(j) = 2*j**2 - 102*j + 5. Let k(b) = b**2 - 25*b + 1. Let f(s) = -4*k(s) + t(s). Let m(z) = -z**2 + 4*z - 1. Let i be m(3). Determine f(i).
-11
Suppose 5*k + 5*b - 10 = 0, -k + 0*k + b + 2 = 0. Let c be -2*k*(6/8 + 1). Let u(q) = q**2 + 6*q - 1. Calculate u(c).
6
Let b(y) = -y + 3. Let q(m) = -3*m + 8. Let n(w) = -11*b(w) + 4*q(w). Let r(j) = j**2 + 18*j**3 - 8*j**2 - 7*j - 9*j**3 - 7*j**3 + 6. Let u be r(4). Give n(u).
5
Let a(z) = -z**3 + 8*z**2 + 17*z + 7. Let w(k) = k**3 - 8*k**2 - 22*k - 8. Let r(d) = 6*a(d) + 5*w(d). Calculate r(7).
-5
Let k(j) be the third derivative of 0 - 1/24*j**4 - 1/6*j**3 + 0*j - 1/30*j**5 - j**2. Give k(-2).
-7
Let y(k) = 5*k**2 - 2. Let l be -8 + (8 - 1) - 1. What is y(l)?
18
Let n(l) = -l**3 + 3*l**2 + 4*l + 3. Let w be n(4). Suppose w*g + 23 = -4*s, 2*g = 3*g + s + 7. Let r(p) = p**3 + 5*p**2 + 4*p + 7. Determine r(g).
-13
Let d(u) = -u - 14. Suppose 2*b - 6*p + 3*p + 22 = 0, -2*b = p + 38. Let c be d(b). Let i(h) = -3*h + 4. What is i(c)?
-5
Let k(c) = 2*c + 4*c - 3 - c**2 + 0. Let v(u) = -2*u**2 + 25*u + 17. Let p be v(17). Let z = 138 + p. Determine k(z).
5
Let t(u) = -u**3 - 6*u**2 + 2*u - 4. Let q(k) = k**2 + 45*k - 431. Let g be q(-53). What is t(g)?
31
Let s(w) = -14 - 5*w - 6 + 3*w - 8 + 29. What is s(6)?
-11
Suppose -3*u - 64 = 4*k, k - 10 = -4*k. Let g(o) = o**2 - 25. Let f be g(0). Let r = u - f. Let v(j) = -15*j**2 - 1. Calculate v(r).
-16
Let y(c) = -1. Let j(b) = -b**2 - b - 4. Let q(x) = j(x) - 5*y(x). Let r be (-2)/13 + 18/(-585)*-70. Give q(r).
-5
Suppose 0 = 2*p - 5*w - 3, 3*w = -2*p + 7*w. Let z(j) be the third derivative of -j**6/120 - j**5/10 - j**4/24 - j**3/2 - j**2. What is z(p)?
3
Let c(q) = 97 + 38*q**3 - 96 - 16*q**3. What is c(1)?
23
Let r(k) be the third derivative of k**5/60 - 5*k**4/12 + k**3/2 + 3*k**2. Suppose -37*u + 147*u = 770. Give r(u).
-18
Let z(a) = a**2 + 3*a - 15. Let i be z(-7). Let h = i - 12. Let k(w) = w**3 - w**2 + w. Give k(h).
1
Let m(s) = 6*s + 6. Let n(v) = -v - 1. Let p = -11 + 13. Let q(r) = p*m(r) + 11*n(r). Suppose -5*l - 3*g - 31 = 0, -2*g - 2*g + 2 = -2*l. Calculate q(l).
-4
Let r(j) = -2*j**2 + 12*j - 10. Let w(t) = -48*t - 282. Let b be w(-6). Give r(b).
-10
Let g be (-11)/(-7) + -2 - (-484)/(-308). Let t(m) = -m**2 + 3*m + 2. Calculate t(g).
-8
Let a(d) = -4*d**3 + 3*d**3 + 105647 - 9*d - 105632 + 7*d**2. Calculate a(6).
-3
Let d = -4 + 2. Let i(a) = -3*a + 119*a**2 - 66*a**2 - 3 - 52*a**2. Calculate i(d).
7
Let q(t) = -t + 14. Suppose 2*u + 5*i = 14, 12*u + 3*i + 2 = 16*u. What is q(u)?
12
Let o(y) = 8*y**2 + 3*y + 1. Let m(q) = -q**2 - 2*q - 1. Let d(x) = -3*m(x) - o(x). What is d(-2)?
-24
Let a(v) = -18*v + 64. Let s(g) = -11*g + 42. Let w(n) = -5*a(n) + 8*s(n). Determine w(-14).
-12
Let a(b) = b + 7 + 5 - 1 + 2 - 11. Calculate a(-6).
-4
Let u = -29 + 31. Suppose 0 = u*k - 3*k - 4. Let r(t) = -t**2 - 4*t - 2. Calculate r(k).
-2
Let s = -230 - -226. Let a(z) = z + 4. Give a(s).
0
Let l(f) = f. Let a(c) = -c**3 + 5*c**2 - 5*c - 1. Let d(s) = a(s) + 2*l(s). Let k be d(4). Let u(v) = -2*v - 3. Calculate u(k).
-9
Let w(j) = j**3 - 4*j**2 + 2*j. Let y be (3/(-4))/(10/(-40)). Suppose -5*p = -5*k + 57 - 7, 18 = 3*k + y*p. Suppose h - k = -h. Give w(h).
8
Let h(l) = -5*l + 29. Let u(n) = -n**2 + 14*n + 153. Let w be u(21). Give h(w).
-1
Let k(q) be the first derivative of q**3/3 - 5*q**2/2 + 4*q + 1. Suppose -41 = 5*i - 156. Let r = i - 19. Determine k(r).
0
Let h = -3 + 5. Let n(x) = -4*x + 6. Let a(c) = -5*c + 7. Let l(u) = -6*a(u) + 7*n(u). Give l(h).
4
Let v(s) = -s**3 - 3*s**2 + 2*s + 2. Let y be (2 + -6)*(-2 + 3). Calculate v(y).
10
Let i be (-12)/(-8 - -4)*-7. Let w = i + 26. Suppose -2*a = -w*z - 19, a + 2*z + 23 = -2*z. Let n(h) = -h**2 - 3*h + 1. Give n(a).
1
Let z = -1160 + 1161. Let p(l) = -19*l - 2. What is p(z)?
-21
Let k(r) be the first derivative of -6 + r - 7/3*r**3 + 0*r**2 + 1/4*r**4. Let h be k(7). Let o(f) = 5*f**2 - f + 1. Calculate o(h).
5
Suppose -4*v - 18 = -5*l, 4*v - 2*v - 2*l = -10. Let a(j) = -10*j + 4 - 9 + 11*j. Determine a(v).
-12
Let v(m) be the first derivative of -3*m**2/2 - 5*m + 33. Give v(-2).
1
Suppose 5*n + 33 = -2*i, 12*n - 10*n = i - 15. Let v(a) = a**3 + 7*a**2 + a - 1. Determine v(n).
-8
Let o(h) = h - 10. Let f be 2/(11/(-13) - -1). Determine o(f).
3
Let l(m) = -25 + 8 - m + 7 + 1 + 7. Let o = -3 + 11. Suppose h + 4*h + 5*a = 20, 2*h - o = -a. Give l(h).
-6
Let n(l) = -2*l**2 - 4. Let t(j) = -5*j**2 - j - 8. Let w(p) = 7*n(p) - 3*t(p). Suppose 0 = -7*y + 2*y - 15. Give w(y).
-4
Let p be (-20 - -23)*(-3 - -2). Let f(w) = 1 + 1 + w + 1. What is f(p)?
0
Suppose 2*n + 5*y = 37, 16 = 4*y + 4. Suppose 3*c - 2*g + 0 = -3, -n = -2*c - 3*g. Let h(a) = -7*a**2 + 1. Let v be h(c). Let u(t) = -t. What is u(v)?
6
Let m(c) be the second derivative of -18*c + 0 - c**2 + 1/20*c**5 - 1/6*c**3 - 1/4*c**4. Determine m(4).
10
Let w(x) = x**3 + 4*x**2 - 3*x + 2. Suppose -20 = -65*d + 69*d. Calculate w(d).
-8
Let u(s) = s**3 - s + 5. Let m(l) = 6*l**2 - 6*l**2 + l**2 - 8 - 4 - 4*l. Let x be m(6). Calculate u(x).
5
Suppose 84 - 12 = 12*a. Let w(y) = 2 + y**3 + 4*y + y**2 - a*y + y**2 - 5. Give w(-2).
1
Let x(u) = -u**3 - u**2 + u. Let a(i) = -7*i**3 - 10*i**2 + 10*i + 5. Let h(l) = a(l) - 6*x(l). What is h(-4)?
-11
Let z(h) = h + 18. Let b be 5/1 - (-14 + 10 - -18). What is z(b)?
9
Let y(f) = -f**2 - 7*f**2 + 1 - 2*f**2 - f**2 - f**3 - 9*f. Let p be ((-7 - 0)/(-7))/(2/(-20)). What is y(p)?
-9
Let k(n) = -5*n**2 + n - 3. Let v(b) = 12*b**2 - b + 5. Let i(z) = 5*k(z) + 2*v(z). Give i(4).
-9
Let b = -48 - -86. Let u(s) be the first derivative of -b*s + 38*s - s**2 + 2. Determine u(-2).
4
Let a(z) be the first derivative of -z**2/2 + 3*z + 44. Let f(w) = 4. Let c(r) = -3. Let b(m) = 3*c(m) + 2*f(m). Let p(v) = a(v) + 6*b(v). What is p(-2)?
-1
Let a(o) = -8*o - 3*o + 23*o - 301 - 13*o + o**3 + 302 - o**2. Calculate a(0).
1
Let y(p) = p**3 + 4*p**2 - p + 17. Let o be y(-5). Let